{"id":988,"date":"2024-12-08T19:03:48","date_gmt":"2024-12-08T19:03:48","guid":{"rendered":"http:\/\/www.esteticamariarodriguez.com\/?page_id=988"},"modified":"2024-12-14T11:36:46","modified_gmt":"2024-12-14T11:36:46","slug":"fotodepilacion-3","status":"publish","type":"page","link":"https:\/\/www.esteticamariarodriguez.com\/?page_id=988","title":{"rendered":"Roller Bike"},"content":{"rendered":"<div id='av_section_1'  class='avia-section av-11x1a-de5bc57567da97b347c218ea2cecef28 main_color avia-section-default avia-no-border-styling  avia-builder-el-0  el_before_av_heading  avia-builder-el-first  avia-bg-style-scroll container_wrap fullsize'  ><div class='container av-section-cont-open' ><main  role=\"main\" itemprop=\"mainContentOfPage\"  class='template-page content  av-content-full alpha units'><div class='post-entry post-entry-type-page post-entry-988'><div class='entry-content-wrapper clearfix'>\n\n<style type=\"text\/css\" data-created_by=\"avia_inline_auto\" id=\"style-css-av-5549i-25d6f807d8dc3d7505367a81476f1d42\">\n#top .av-special-heading.av-5549i-25d6f807d8dc3d7505367a81476f1d42{\npadding-bottom:30px;\n}\nbody .av-special-heading.av-5549i-25d6f807d8dc3d7505367a81476f1d42 .av-special-heading-tag .heading-char{\nfont-size:25px;\n}\n.av-special-heading.av-5549i-25d6f807d8dc3d7505367a81476f1d42 .av-subheading{\nfont-size:15px;\n}\n<\/style>\n<div  class='av-special-heading av-5549i-25d6f807d8dc3d7505367a81476f1d42 av-special-heading-h2 blockquote modern-quote modern-centered  avia-builder-el-1  el_before_av_slideshow  avia-builder-el-first '><h2 class='av-special-heading-tag '  itemprop=\"headline\"  >Roller Bike<\/h2><div class=\"special-heading-border\"><div class=\"special-heading-inner-border\"><\/div><\/div><\/div>\n<div  class='avia-slideshow av-m4fyxf8u-348c1ab933aab678816750b75aa919d4 avia-slideshow-large av_slideshow avia-fade-slider  avia-builder-el-2  el_after_av_heading  avia-builder-el-last  av-slideshow-ui av-control-default av-slideshow-autoplay av-loop-endless av-loop-manual-endless av-default-height-applied avia-slideshow-1' data-slideshow-options=\"{&quot;animation&quot;:&quot;fade&quot;,&quot;autoplay&quot;:true,&quot;loop_autoplay&quot;:&quot;endless&quot;,&quot;interval&quot;:3,&quot;loop_manual&quot;:&quot;manual-endless&quot;,&quot;autoplay_stopper&quot;:false,&quot;noNavigation&quot;:false,&quot;bg_slider&quot;:false,&quot;keep_padding&quot;:false,&quot;hoverpause&quot;:false,&quot;show_slide_delay&quot;:0}\"  itemprop=\"image\" itemscope=\"itemscope\" itemtype=\"https:\/\/schema.org\/ImageObject\" ><ul class='avia-slideshow-inner ' style='padding-bottom: 66.699029126214%;'><li  class='avia-slideshow-slide av-m4fyxf8u-348c1ab933aab678816750b75aa919d4__0  slide-1 slide-odd'><div data-rel='slideshow-1' class='avia-slide-wrap '   ><img fetchpriority=\"high\" class=\"wp-image-921 avia-img-lazy-loading-not-921\"  src='https:\/\/www.esteticamariarodriguez.com\/wp-content\/uploads\/2024\/12\/roller-web-1030x687.jpg' width='1030' height='687' title='roller' alt=''  itemprop=\"thumbnailUrl\"   \/><\/div><\/li><li  class='avia-slideshow-slide av-m4fyxf8u-348c1ab933aab678816750b75aa919d4__1  slide-2 slide-even'><div data-rel='slideshow-1' class='avia-slide-wrap '   ><img fetchpriority=\"high\" class=\"wp-image-924 avia-img-lazy-loading-not-924\"  src='https:\/\/www.esteticamariarodriguez.com\/wp-content\/uploads\/2024\/12\/roller-2-web-1-1030x687.jpg' width='1030' height='687' title='roller 2' alt=''  itemprop=\"thumbnailUrl\"   \/><\/div><\/li><li  class='avia-slideshow-slide av-m4fyxf8u-348c1ab933aab678816750b75aa919d4__2  slide-3 slide-odd'><div data-rel='slideshow-1' class='avia-slide-wrap '   ><img fetchpriority=\"high\" class=\"wp-image-928 avia-img-lazy-loading-not-928\"  src='https:\/\/www.esteticamariarodriguez.com\/wp-content\/uploads\/2024\/12\/bike-1030x773.jpg' width='1030' height='773' title='bike' alt=''  itemprop=\"thumbnailUrl\"   \/><\/div><\/li><li  class='avia-slideshow-slide av-m4fyxf8u-348c1ab933aab678816750b75aa919d4__3  slide-4 slide-even'><div data-rel='slideshow-1' class='avia-slide-wrap '   ><img fetchpriority=\"high\" class=\"wp-image-923 avia-img-lazy-loading-not-923\"  src='https:\/\/www.esteticamariarodriguez.com\/wp-content\/uploads\/2024\/12\/roller-3-web.jpg' width='1000' height='667' title='roller 3' alt=''  itemprop=\"thumbnailUrl\"   \/><\/div><\/li><\/ul><div class='avia-slideshow-arrows avia-slideshow-controls' ><a href='#prev' class='prev-slide ' aria-hidden='true' data-av_icon='\ue87c' data-av_iconfont='entypo-fontello'  tabindex='-1'>Anterior<\/a><a href='#next' class='next-slide ' aria-hidden='true' data-av_icon='\ue87d' data-av_iconfont='entypo-fontello'  tabindex='-1'>Posterior<\/a><\/div><div class='avia-slideshow-dots avia-slideshow-controls'><a href='#1' class='goto-slide active' >1<\/a><a href='#2' class='goto-slide ' >2<\/a><a href='#3' class='goto-slide ' >3<\/a><a href='#4' class='goto-slide ' >4<\/a><\/div><\/div>\n<\/div><\/div><\/main><!-- close content main element --><\/div><\/div><div id='after_section_1'  class='main_color av_default_container_wrap container_wrap fullsize'  ><div class='container av-section-cont-open' ><div class='template-page content  av-content-full alpha units'><div class='post-entry post-entry-type-page post-entry-988'><div class='entry-content-wrapper clearfix'>\n\n<style type=\"text\/css\" data-created_by=\"avia_inline_auto\" id=\"style-css-av-3rr3q-e738eccfacd06621beaaac798c463ee3\">\n#top .av-special-heading.av-3rr3q-e738eccfacd06621beaaac798c463ee3{\npadding-bottom:10px;\n}\nbody .av-special-heading.av-3rr3q-e738eccfacd06621beaaac798c463ee3 .av-special-heading-tag .heading-char{\nfont-size:25px;\n}\n.av-special-heading.av-3rr3q-e738eccfacd06621beaaac798c463ee3 .av-subheading{\nfont-size:15px;\n}\n<\/style>\n<div  class='av-special-heading av-3rr3q-e738eccfacd06621beaaac798c463ee3 av-special-heading-h3 custom-color-heading blockquote classic-quote  avia-builder-el-3  el_after_av_section  el_before_av_hr  avia-builder-el-first '><h3 class='av-special-heading-tag '  itemprop=\"headline\"  >Novedad en los Centros de Est\u00e9tica de C\u00e1ceres<\/h3><div class=\"special-heading-border\"><div class=\"special-heading-inner-border\"><\/div><\/div><\/div>\n\n<style type=\"text\/css\" data-created_by=\"avia_inline_auto\" id=\"style-css-av-cnp6-586dfd8d00c9d4c6d269d8c10b93eee4\">\n#top .hr.hr-invisible.av-cnp6-586dfd8d00c9d4c6d269d8c10b93eee4{\nheight:20px;\n}\n<\/style>\n<div  class='hr av-cnp6-586dfd8d00c9d4c6d269d8c10b93eee4 hr-invisible  avia-builder-el-4  el_after_av_heading  el_before_av_textblock '><span class='hr-inner '><span class=\"hr-inner-style\"><\/span><\/span><\/div>\n<section  class='av_textblock_section av-2ij8y-2214dea47ce19ba6833b5c931e1e7f1e '   itemscope=\"itemscope\" itemtype=\"https:\/\/schema.org\/CreativeWork\" ><div class='avia_textblock'  itemprop=\"text\" ><h4><strong>ROLLER<\/strong><\/h4>\n<p>Modela y reduce en tiempo r\u00e9cord. <strong>Sesiones de 25 o 45 min.<\/strong><\/p>\n<p>Versi\u00f3n mas actualizada de la maderoterapia. 20 rodillos de madera movilizan el tejido adiposo eliminando la temida piel de naranja.<\/p>\n<p>Gracias a su protocolo de actuaci\u00f3n ejerce un drenaje de todo el cuerpo eliminando toxinas y favoreciendo el retorno venoso y linf\u00e1tico. Est\u00e1 potenciado por infrarrojos y l\u00e1mparas de col\u00e1geno, las cuales estimulan el col\u00e1geno y elastina de la piel , acelera el desgaste energ\u00e9tico de la c\u00e9lula y estimula\u00a0 la actividad mitocondrial.<\/p>\n<p><strong>\u00a01 sesi\u00f3n de roller equivale a 5 sesiones de la maderoterapia convencional.<\/strong><\/p>\n<h4><strong>BIKE<\/strong><\/h4>\n<p>C\u00e1psula de adelgazamiendo.<\/p>\n<p><em><strong>\u201cTrabaja en gravedad cero\u201d<\/strong>: <\/em>pedalea de forma constante con una resistencia en los pedales durante 25 min, perdiendo hasta 1800 kcal. Potenciado con infrarrojos y l\u00e1mpara de col\u00e1geno\u00a0 haciendo de este equipo un aut\u00e9ntico tratamiento detox,<\/p>\n<p>Esta combinaci\u00f3n de los dos equipos se considera uno de los m\u00e1s r\u00e1pidos\u00a0 tratamientos donde engloba lo m\u00e1s importante para trabajar la reducci\u00f3n de contorno.<\/p>\n<p><strong>Moviliza, drena, moldea y elimina en 50 min cada sesi\u00f3n.<\/strong><\/p>\n<\/div><\/section>\n\n<style type=\"text\/css\" data-created_by=\"avia_inline_auto\" id=\"style-css-av-1nuru-17214ce4e0cd7f014b831cd97e5d42cb\">\n#top .hr.hr-invisible.av-1nuru-17214ce4e0cd7f014b831cd97e5d42cb{\nheight:50px;\n}\n<\/style>\n<div  class='hr av-1nuru-17214ce4e0cd7f014b831cd97e5d42cb hr-invisible  avia-builder-el-6  el_after_av_textblock  el_before_av_textblock '><span class='hr-inner '><span class=\"hr-inner-style\"><\/span><\/span><\/div>\n<section  class='av_textblock_section av-m4o3ma75-58acff1c2c89baa63b1307ad327ef8c8 '   itemscope=\"itemscope\" itemtype=\"https:\/\/schema.org\/CreativeWork\" ><div class='avia_textblock'  itemprop=\"text\" ><h3><em><strong>Circuito Corporal Avanzado<\/strong><\/em><\/h3>\n<ul>\n<li>Requiere poco tiempo en cada sesi\u00f3n.<\/li>\n<li>Efectivo en reducci\u00f3n\u00a0 y remodelaci\u00f3n corporal.<\/li>\n<li>Equipos de \u00faltima generaci\u00f3n.<\/li>\n<\/ul>\n<\/div><\/section>\n<div  class='flex_column av-av_one_half-4453fbc7e8da734fe9d5824da1c72891 av_one_half  avia-builder-el-8  el_after_av_textblock  el_before_av_one_half  first flex_column_div  column-top-margin'     ><article  class='iconbox iconbox_left av-m4o3ata5-6574cb3adaca05d641775ca208164b57  avia-builder-el-9  avia-builder-el-no-sibling '  itemscope=\"itemscope\" itemtype=\"https:\/\/schema.org\/CreativeWork\" ><div class=\"iconbox_content\"><header class=\"entry-content-header\" aria-label=\"Icon: Bono\"><div class=\"iconbox_icon heading-color\" aria-hidden='true' data-av_icon='\ue864' data-av_iconfont='entypo-fontello'><\/div><h3 class='iconbox_content_title '  itemprop=\"headline\" >Bono<\/h3><\/header><div class='iconbox_content_container '  itemprop=\"text\" ><h5><strong>200\u20ac\/8 sesiones<\/strong><\/h5>\n<\/div><\/div><footer class=\"entry-footer\"><\/footer><\/article><\/div><div  class='flex_column av-av_one_half-0aea53b2b2b1640975a748149304d755 av_one_half  avia-builder-el-10  el_after_av_one_half  el_before_av_hr  flex_column_div  column-top-margin'     ><article  class='iconbox iconbox_left av-m4o3dts9-fb42cbb0e5a5583072324bbe68c56271  avia-builder-el-11  avia-builder-el-no-sibling '  itemscope=\"itemscope\" itemtype=\"https:\/\/schema.org\/CreativeWork\" ><div class=\"iconbox_content\"><header class=\"entry-content-header\" aria-label=\"Icon: Mensualidad\"><div class=\"iconbox_icon heading-color\" aria-hidden='true' data-av_icon='\ue864' data-av_iconfont='entypo-fontello'><\/div><h3 class='iconbox_content_title '  itemprop=\"headline\" >Mensualidad<\/h3><\/header><div class='iconbox_content_container '  itemprop=\"text\" ><h5><strong>80\u20ac \/ Mes *<\/strong><\/h5>\n<p>* Sujeto a condiciones<\/p>\n<\/div><\/div><footer class=\"entry-footer\"><\/footer><\/article><\/div><div  class='hr av-av_hr-ce2616762b176cfe9728f398bbcd76d2 hr-full  avia-builder-el-12  el_after_av_one_half  el_before_av_button  hr-no-shadow'><span class='hr-inner '><span class=\"hr-inner-style\"><\/span><\/span><\/div><\/p>\n<div  class='avia-button-wrap av-oaam-141b38b1dc91b10360b6e04f41512dbe-wrap avia-button-center  avia-builder-el-13  el_after_av_hr  avia-builder-el-last '>\n<style type=\"text\/css\" data-created_by=\"avia_inline_auto\" id=\"style-css-av-oaam-141b38b1dc91b10360b6e04f41512dbe\">\n#top #wrap_all .avia-button.av-oaam-141b38b1dc91b10360b6e04f41512dbe{\nbackground-color:#969696;\nborder-color:#969696;\ncolor:#ffffff;\ntransition:all 0.4s ease-in-out;\n}\n<\/style>\n<a href='https:\/\/www.esteticamariarodriguez.com\/?page_id=340'  class='avia-button av-oaam-141b38b1dc91b10360b6e04f41512dbe av-link-btn avia-icon_select-yes-left-icon avia-size-medium avia-position-center'   aria-label=\"VOLVER\"><span class='avia_button_icon avia_button_icon_left' aria-hidden='true' data-av_icon='\ue830' data-av_iconfont='entypo-fontello'><\/span><span class='avia_iconbox_title' >VOLVER<\/span><\/a><\/div>\n","protected":false},"excerpt":{"rendered":"","protected":false},"author":1,"featured_media":0,"parent":0,"menu_order":0,"comment_status":"open","ping_status":"open","template":"","meta":{"footnotes":""},"class_list":["post-988","page","type-page","status-publish","hentry"],"_links":{"self":[{"href":"https:\/\/www.esteticamariarodriguez.com\/index.php?rest_route=\/wp\/v2\/pages\/988","targetHints":{"allow":["GET"]}}],"collection":[{"href":"https:\/\/www.esteticamariarodriguez.com\/index.php?rest_route=\/wp\/v2\/pages"}],"about":[{"href":"https:\/\/www.esteticamariarodriguez.com\/index.php?rest_route=\/wp\/v2\/types\/page"}],"author":[{"embeddable":true,"href":"https:\/\/www.esteticamariarodriguez.com\/index.php?rest_route=\/wp\/v2\/users\/1"}],"replies":[{"embeddable":true,"href":"https:\/\/www.esteticamariarodriguez.com\/index.php?rest_route=%2Fwp%2Fv2%2Fcomments&post=988"}],"version-history":[{"count":14,"href":"https:\/\/www.esteticamariarodriguez.com\/index.php?rest_route=\/wp\/v2\/pages\/988\/revisions"}],"predecessor-version":[{"id":1022,"href":"https:\/\/www.esteticamariarodriguez.com\/index.php?rest_route=\/wp\/v2\/pages\/988\/revisions\/1022"}],"wp:attachment":[{"href":"https:\/\/www.esteticamariarodriguez.com\/index.php?rest_route=%2Fwp%2Fv2%2Fmedia&parent=988"}],"curies":[{"name":"wp","href":"https:\/\/api.w.org\/{rel}","templated":true}]}}