{"id":84,"date":"2014-08-09T21:31:39","date_gmt":"2014-08-09T21:31:39","guid":{"rendered":"http:\/\/www.esteticamariarodriguez.com\/?page_id=84"},"modified":"2021-08-11T08:27:58","modified_gmt":"2021-08-11T08:27:58","slug":"micro-pigmentacion","status":"publish","type":"page","link":"https:\/\/www.esteticamariarodriguez.com\/?page_id=84","title":{"rendered":"Micro-pigmentaci\u00f3n"},"content":{"rendered":"<div id='av_section_1'  class='avia-section av-av_section-d18d8c2c81d10022ebd21ffa95322c35 main_color avia-section-default avia-no-shadow  avia-builder-el-0  el_before_av_hr  avia-builder-el-first  avia-bg-style-scroll container_wrap fullsize'  ><div class='container av-section-cont-open' ><main  role=\"main\" itemprop=\"mainContentOfPage\"  class='template-page content  av-content-full alpha units'><div class='post-entry post-entry-type-page post-entry-84'><div class='entry-content-wrapper clearfix'>\n\n<style type=\"text\/css\" data-created_by=\"avia_inline_auto\" id=\"style-css-av-av_heading-80bc8eeeed01ad51eed5c6b481a3c36a\">\n#top .av-special-heading.av-av_heading-80bc8eeeed01ad51eed5c6b481a3c36a{\npadding-bottom:30px;\n}\nbody .av-special-heading.av-av_heading-80bc8eeeed01ad51eed5c6b481a3c36a .av-special-heading-tag .heading-char{\nfont-size:25px;\n}\n.av-special-heading.av-av_heading-80bc8eeeed01ad51eed5c6b481a3c36a .av-subheading{\nfont-size:15px;\n}\n<\/style>\n<div  class='av-special-heading av-av_heading-80bc8eeeed01ad51eed5c6b481a3c36a av-special-heading-h2 blockquote modern-quote modern-centered  avia-builder-el-1  el_before_av_textblock  avia-builder-el-first '><h2 class='av-special-heading-tag '  itemprop=\"headline\"  >MICROPIGMENTACI\u00d3N<\/h2><div class=\"special-heading-border\"><div class=\"special-heading-inner-border\"><\/div><\/div><\/div>\n<section  class='av_textblock_section av-av_textblock-0366cc7376be6c9e82a3e9cc8987b64f '   itemscope=\"itemscope\" itemtype=\"https:\/\/schema.org\/CreativeWork\" ><div class='avia_textblock'  itemprop=\"text\" ><p>Especialidad est\u00e9tica la cual trata de embellecer sin perder la naturalidad del rostro.<\/p>\n<p>Esta t\u00e9cnica consiste en implantar un pigmento bajo la piel con la ayuda de un derm\u00f3grafo, el cual se equipar\u00e1 con diferentes agujas, seg\u00fan el \u00e1rea a trabajar.<\/p>\n<p>PROTOCOLO DE LA MICROPIGMENTACI\u00d3N.<\/p>\n<p><strong>Informaci\u00f3n<\/strong>: Esta cita es muy importante tanto para el cliente como para la profesional. En esta cita la t\u00e9cnico ve el trabajo a realizar y descubre las necesidades de cada clienta. Por otro lado la clienta puede preguntar sus dudas acerca del tratamiento, ve en primera persona trabajos realizados por nuestra especialista.<\/p>\n<p>Si la persona est\u00e1 conforme y decide realizarse el tratamiento de micropigmentaci\u00f3n se deber\u00e1 hacer una <strong>prueba de pigmento<\/strong> para descartar posibles alergias.<\/p>\n<p>El siguiente paso ser\u00e1 el d\u00eda del<strong> tratamiento<\/strong>; Se comenzar\u00e1 realizando un estudio de visagismo (estudio del rostro) para buscar el dise\u00f1o m\u00e1s favorecedor dentro de una armon\u00eda. Con este paso se podr\u00e1 apreciar c\u00f3mo quedar\u00e1 el tratamiento.<\/p>\n<p>Una vez el cliente nos d\u00e9 su visto bueno procederemos a realizar la micropigmentaci\u00f3n.<\/p>\n<p>Al mes o mes y medio se acudir\u00e1 de nuevo al centro para realizar un <strong>repaso del tratamiento<\/strong> y darlo as\u00ed por finalizado hasta la renovaci\u00f3n del mismo.<\/p>\n<p><strong>\u00a0<\/strong><\/p>\n<\/div><\/section>\n\n<style type=\"text\/css\" data-created_by=\"avia_inline_auto\" id=\"style-css-av-av_one_half-9497bbf8bff73ea4c6992cc17fa9ec36\">\n.flex_column.av-av_one_half-9497bbf8bff73ea4c6992cc17fa9ec36{\nborder-radius:0px 0px 0px 0px;\npadding:0px 0px 0px 0px;\n}\n<\/style>\n<div  class='flex_column av-av_one_half-9497bbf8bff73ea4c6992cc17fa9ec36 av_one_half  avia-builder-el-3  el_after_av_textblock  el_before_av_one_half  first flex_column_div av-zero-column-padding  column-top-margin'     ><section  class='av_textblock_section av-av_textblock-0366cc7376be6c9e82a3e9cc8987b64f '   itemscope=\"itemscope\" itemtype=\"https:\/\/schema.org\/CreativeWork\" ><div class='avia_textblock'  itemprop=\"text\" ><p><strong>CEJAS<\/strong><\/p>\n<p>&#8211;<strong>T\u00e9cnica \u201cpelo a pelo\u201d<\/strong> que se realiza con nano agujas. Se dibuja una estructura, la cual, intenta simular una ceja lo m\u00e1s real posible.<\/p>\n<p>&#8211; <strong>Efecto empolvado<\/strong>, \u00a0esta t\u00e9cnica es m\u00e1s apropiada para pieles grasas. Consiste en realizar un difuminado gradual consiguiendo un efecto maquillaje.<\/p>\n<p>La durabilidad de la micropigmentaci\u00f3n en cejas es de<strong> 1 a 2 a\u00f1os<\/strong>. Depender\u00e1 del tipo de piel, de los cuidados y de la exposici\u00f3n solar.<\/p>\n<p>El pigmento ir\u00e1 perdiendo intensidad ya que con el paso del tiempo \u00e9ste ira envejeciendo y por ello es conveniente la renovaci\u00f3n del tratamiento, al a\u00f1o y medio o dos a\u00f1os.<\/p>\n<p><strong>\u00a0<\/strong><\/p>\n<\/div><\/section><\/div>\n<style type=\"text\/css\" data-created_by=\"avia_inline_auto\" id=\"style-css-av-av_one_half-9c1d454dc06f7247226bc4e8f931daae\">\n.flex_column.av-av_one_half-9c1d454dc06f7247226bc4e8f931daae{\nborder-radius:0px 0px 0px 0px;\npadding:0px 0px 0px 0px;\n}\n<\/style>\n<div  class='flex_column av-av_one_half-9c1d454dc06f7247226bc4e8f931daae av_one_half  avia-builder-el-5  el_after_av_one_half  el_before_av_one_half  flex_column_div av-zero-column-padding  column-top-margin'     ><section  class='av_textblock_section av-av_textblock-0366cc7376be6c9e82a3e9cc8987b64f '   itemscope=\"itemscope\" itemtype=\"https:\/\/schema.org\/CreativeWork\" ><div class='avia_textblock'  itemprop=\"text\" ><p><strong>OJOS <\/strong><\/p>\n<p>Realizaremos un eyeliner cl\u00e1sico, m\u00e1s o menos ancho seg\u00fan el gusto de la clienta. Un eyeliner con difuminado, con el color que quiera o simplemente un ligero difuminado. La duraci\u00f3n aproximada del tratamiento en esta zona es de 5 a 8 a\u00f1os. Se tendr\u00e1 en cuenta las limitaciones de cada \u00a0p\u00e1rpado.<\/p>\n<\/div><\/section><\/div>\n<style type=\"text\/css\" data-created_by=\"avia_inline_auto\" id=\"style-css-av-av_one_half-9497bbf8bff73ea4c6992cc17fa9ec36\">\n.flex_column.av-av_one_half-9497bbf8bff73ea4c6992cc17fa9ec36{\nborder-radius:0px 0px 0px 0px;\npadding:0px 0px 0px 0px;\n}\n<\/style>\n<div  class='flex_column av-av_one_half-9497bbf8bff73ea4c6992cc17fa9ec36 av_one_half  avia-builder-el-7  el_after_av_one_half  el_before_av_one_half  first flex_column_div av-zero-column-padding  column-top-margin'     ><div  class='avia-slideshow av-av_slideshow-18eaf787b59bdeaf685c79609143ca55 avia-slideshow-no scaling av_slideshow avia-fade-slider  avia-builder-el-8  avia-builder-el-no-sibling  av-slideshow-ui av-control-hidden av-no-slider-navigation av-hide-nav-arrows av-slideshow-autoplay av-loop-endless av-loop-manual-endless av-default-height-applied avia-slideshow-1' data-slideshow-options=\"{&quot;animation&quot;:&quot;fade&quot;,&quot;autoplay&quot;:true,&quot;loop_autoplay&quot;:&quot;endless&quot;,&quot;interval&quot;:4,&quot;loop_manual&quot;:&quot;manual-endless&quot;,&quot;autoplay_stopper&quot;:false,&quot;noNavigation&quot;:true,&quot;bg_slider&quot;:false,&quot;keep_padding&quot;:false,&quot;hoverpause&quot;:false,&quot;show_slide_delay&quot;:0}\"  itemprop=\"image\" itemscope=\"itemscope\" itemtype=\"https:\/\/schema.org\/ImageObject\" ><ul class='avia-slideshow-inner ' style='padding-bottom: 64.315789473684%;'><li  class='avia-slideshow-slide av-av_slideshow-18eaf787b59bdeaf685c79609143ca55__0  slide-1 slide-odd'><div data-rel='slideshow-1' class='avia-slide-wrap '   ><img fetchpriority=\"high\" class=\"wp-image-798 avia-img-lazy-loading-not-798\"  src='https:\/\/www.esteticamariarodriguez.com\/wp-content\/uploads\/2019\/11\/micro-2_dual.jpg' width='1900' height='1222' title='dig' alt=''  itemprop=\"thumbnailUrl\"   \/><\/div><\/li><li  class='avia-slideshow-slide av-av_slideshow-18eaf787b59bdeaf685c79609143ca55__1  slide-2 slide-even'><div data-rel='slideshow-1' class='avia-slide-wrap '   ><img fetchpriority=\"high\" class=\"wp-image-799 avia-img-lazy-loading-not-799\"  src='https:\/\/www.esteticamariarodriguez.com\/wp-content\/uploads\/2019\/11\/micro-3_dual.jpg' width='1900' height='1072' title='dig' alt=''  itemprop=\"thumbnailUrl\"   \/><\/div><\/li><li  class='avia-slideshow-slide av-av_slideshow-18eaf787b59bdeaf685c79609143ca55__2  slide-3 slide-odd'><div data-rel='slideshow-1' class='avia-slide-wrap '   ><img fetchpriority=\"high\" class=\"wp-image-800 avia-img-lazy-loading-not-800\"  src='https:\/\/www.esteticamariarodriguez.com\/wp-content\/uploads\/2019\/11\/micro-1_dual.jpg' width='1900' height='1388' title='dig' alt=''  itemprop=\"thumbnailUrl\"   \/><\/div><\/li><li  class='avia-slideshow-slide av-av_slideshow-18eaf787b59bdeaf685c79609143ca55__3  slide-4 slide-even'><div data-rel='slideshow-1' class='avia-slide-wrap '   ><img fetchpriority=\"high\" class=\"wp-image-770 avia-img-lazy-loading-not-770\"  src='https:\/\/www.esteticamariarodriguez.com\/wp-content\/uploads\/2019\/11\/micro-3.jpg' width='1920' height='1920' title='micro-3' alt=''  itemprop=\"thumbnailUrl\"   \/><\/div><\/li><li  class='avia-slideshow-slide av-av_slideshow-18eaf787b59bdeaf685c79609143ca55__4  slide-5 slide-odd'><div data-rel='slideshow-1' class='avia-slide-wrap '   ><img fetchpriority=\"high\" class=\"wp-image-766 avia-img-lazy-loading-not-766\"  src='https:\/\/www.esteticamariarodriguez.com\/wp-content\/uploads\/2019\/11\/micro-5.jpg' width='1920' height='1920' title='micro-5' alt=''  itemprop=\"thumbnailUrl\"   \/><\/div><\/li><\/ul><div class='avia-slideshow-arrows avia-slideshow-controls' ><a href='#prev' class='prev-slide ' aria-hidden='true' data-av_icon='\ue87c' data-av_iconfont='entypo-fontello'  tabindex='-1'>Anterior<\/a><a href='#next' class='next-slide ' aria-hidden='true' data-av_icon='\ue87d' data-av_iconfont='entypo-fontello'  tabindex='-1'>Posterior<\/a><\/div><\/div><\/div>\n<style type=\"text\/css\" data-created_by=\"avia_inline_auto\" id=\"style-css-av-av_one_half-9c1d454dc06f7247226bc4e8f931daae\">\n.flex_column.av-av_one_half-9c1d454dc06f7247226bc4e8f931daae{\nborder-radius:0px 0px 0px 0px;\npadding:0px 0px 0px 0px;\n}\n<\/style>\n<div  class='flex_column av-av_one_half-9c1d454dc06f7247226bc4e8f931daae av_one_half  avia-builder-el-9  el_after_av_one_half  avia-builder-el-last  flex_column_div av-zero-column-padding  column-top-margin'     ><div  class='avia-slideshow av-av_slideshow-0e76cff10ec11435bc685de2141a5e40 avia-slideshow-shop_catalog av_slideshow avia-fade-slider  avia-builder-el-10  avia-builder-el-no-sibling  av-slideshow-ui av-control-hidden av-no-slider-navigation av-hide-nav-arrows av-slideshow-autoplay av-loop-endless av-loop-manual-endless av-default-height-applied avia-slideshow-2' data-slideshow-options=\"{&quot;animation&quot;:&quot;fade&quot;,&quot;autoplay&quot;:true,&quot;loop_autoplay&quot;:&quot;endless&quot;,&quot;interval&quot;:4,&quot;loop_manual&quot;:&quot;manual-endless&quot;,&quot;autoplay_stopper&quot;:false,&quot;noNavigation&quot;:true,&quot;bg_slider&quot;:false,&quot;keep_padding&quot;:false,&quot;hoverpause&quot;:false,&quot;show_slide_delay&quot;:0}\"  itemprop=\"image\" itemscope=\"itemscope\" itemtype=\"https:\/\/schema.org\/ImageObject\" ><ul class='avia-slideshow-inner ' style='padding-bottom: 100%;'><li  class='avia-slideshow-slide av-av_slideshow-0e76cff10ec11435bc685de2141a5e40__0  slide-1 slide-odd'><div data-rel='slideshow-2' class='avia-slide-wrap '   ><img fetchpriority=\"high\" class=\"wp-image-776 avia-img-lazy-loading-not-776\"  src='https:\/\/www.esteticamariarodriguez.com\/wp-content\/uploads\/2019\/11\/micro-7-450x450.jpg' width='450' height='450' title='micro-7' alt=''  itemprop=\"thumbnailUrl\"   \/><\/div><\/li><li  class='avia-slideshow-slide av-av_slideshow-0e76cff10ec11435bc685de2141a5e40__1  slide-2 slide-even'><div data-rel='slideshow-2' class='avia-slide-wrap '   ><img fetchpriority=\"high\" class=\"wp-image-767 avia-img-lazy-loading-not-767\"  src='https:\/\/www.esteticamariarodriguez.com\/wp-content\/uploads\/2019\/11\/micro-6-450x450.jpg' width='450' height='450' title='micro-6' alt=''  itemprop=\"thumbnailUrl\"   \/><\/div><\/li><li  class='avia-slideshow-slide av-av_slideshow-0e76cff10ec11435bc685de2141a5e40__2  slide-3 slide-odd'><div data-rel='slideshow-2' class='avia-slide-wrap '   ><img fetchpriority=\"high\" class=\"wp-image-808 avia-img-lazy-loading-not-808\"  src='https:\/\/www.esteticamariarodriguez.com\/wp-content\/uploads\/2019\/11\/IMG_20180508_134801-450x450.jpg' width='450' height='450' title='dig' alt=''  itemprop=\"thumbnailUrl\"   \/><\/div><\/li><\/ul><div class='avia-slideshow-arrows avia-slideshow-controls' ><a href='#prev' class='prev-slide ' aria-hidden='true' data-av_icon='\ue87c' data-av_iconfont='entypo-fontello'  tabindex='-1'>Anterior<\/a><a href='#next' class='next-slide ' aria-hidden='true' data-av_icon='\ue87d' data-av_iconfont='entypo-fontello'  tabindex='-1'>Posterior<\/a><\/div><\/div><\/div><\/div><\/div><\/main><!-- close content main element --><\/div><\/div><div id='after_section_1'  class='main_color av_default_container_wrap container_wrap fullsize'  ><div class='container av-section-cont-open' ><div class='template-page content  av-content-full alpha units'><div class='post-entry post-entry-type-page post-entry-84'><div class='entry-content-wrapper clearfix'><div  class='hr av-av_hr-dcd2069817a0e3d34ae04cad8f3443c7 hr-default  avia-builder-el-11  el_after_av_section  el_before_av_one_half  avia-builder-el-first '><span class='hr-inner '><span class=\"hr-inner-style\"><\/span><\/span><\/div><\/p>\n\n<style type=\"text\/css\" data-created_by=\"avia_inline_auto\" id=\"style-css-av-av_one_half-9497bbf8bff73ea4c6992cc17fa9ec36\">\n.flex_column.av-av_one_half-9497bbf8bff73ea4c6992cc17fa9ec36{\nborder-radius:0px 0px 0px 0px;\npadding:0px 0px 0px 0px;\n}\n<\/style>\n<div  class='flex_column av-av_one_half-9497bbf8bff73ea4c6992cc17fa9ec36 av_one_half  avia-builder-el-12  el_after_av_hr  el_before_av_one_half  first flex_column_div av-zero-column-padding  '     ><section  class='av_textblock_section av-av_textblock-0366cc7376be6c9e82a3e9cc8987b64f '   itemscope=\"itemscope\" itemtype=\"https:\/\/schema.org\/CreativeWork\" ><div class='avia_textblock'  itemprop=\"text\" ><p><strong>LABIOS <\/strong><\/p>\n<p>En labios podemos conseguir un efecto maquillaje o un efecto acuarela (m\u00e1s natural).<\/p>\n<p>El perfil puede ser m\u00e1s visible o simplemente no llevar perfil. Se tendr\u00e1 muy en cuenta el subtono de piel de cada clienta para que una vez curado el color elegido no torne a un color no deseado.<\/p>\n<p>La duraci\u00f3n estar\u00e1 entre los 5 y los 8 a\u00f1os aproximadamente.<\/p>\n<\/div><\/section><\/div>\n\n<style type=\"text\/css\" data-created_by=\"avia_inline_auto\" id=\"style-css-av-av_one_half-9c1d454dc06f7247226bc4e8f931daae\">\n.flex_column.av-av_one_half-9c1d454dc06f7247226bc4e8f931daae{\nborder-radius:0px 0px 0px 0px;\npadding:0px 0px 0px 0px;\n}\n<\/style>\n<div  class='flex_column av-av_one_half-9c1d454dc06f7247226bc4e8f931daae av_one_half  avia-builder-el-14  el_after_av_one_half  el_before_av_hr  flex_column_div av-zero-column-padding  '     ><div  class='avia-slideshow av-av_slideshow-18eaf787b59bdeaf685c79609143ca55 avia-slideshow-no scaling av_slideshow avia-fade-slider  avia-builder-el-15  avia-builder-el-no-sibling  av-slideshow-ui av-control-hidden av-no-slider-navigation av-hide-nav-arrows av-slideshow-autoplay av-loop-endless av-loop-manual-endless av-default-height-applied avia-slideshow-3' data-slideshow-options=\"{&quot;animation&quot;:&quot;fade&quot;,&quot;autoplay&quot;:true,&quot;loop_autoplay&quot;:&quot;endless&quot;,&quot;interval&quot;:4,&quot;loop_manual&quot;:&quot;manual-endless&quot;,&quot;autoplay_stopper&quot;:false,&quot;noNavigation&quot;:true,&quot;bg_slider&quot;:false,&quot;keep_padding&quot;:false,&quot;hoverpause&quot;:false,&quot;show_slide_delay&quot;:0}\"  itemprop=\"image\" itemscope=\"itemscope\" itemtype=\"https:\/\/schema.org\/ImageObject\" ><ul class='avia-slideshow-inner ' style='padding-bottom: 64.315789473684%;'><li  class='avia-slideshow-slide av-av_slideshow-18eaf787b59bdeaf685c79609143ca55__0  slide-1 slide-odd'><div data-rel='slideshow-3' class='avia-slide-wrap '   ><img fetchpriority=\"high\" class=\"wp-image-798 avia-img-lazy-loading-not-798\"  src='https:\/\/www.esteticamariarodriguez.com\/wp-content\/uploads\/2019\/11\/micro-2_dual.jpg' width='1900' height='1222' title='dig' alt=''  itemprop=\"thumbnailUrl\"   \/><\/div><\/li><li  class='avia-slideshow-slide av-av_slideshow-18eaf787b59bdeaf685c79609143ca55__1  slide-2 slide-even'><div data-rel='slideshow-3' class='avia-slide-wrap '   ><img fetchpriority=\"high\" class=\"wp-image-799 avia-img-lazy-loading-not-799\"  src='https:\/\/www.esteticamariarodriguez.com\/wp-content\/uploads\/2019\/11\/micro-3_dual.jpg' width='1900' height='1072' title='dig' alt=''  itemprop=\"thumbnailUrl\"   \/><\/div><\/li><li  class='avia-slideshow-slide av-av_slideshow-18eaf787b59bdeaf685c79609143ca55__2  slide-3 slide-odd'><div data-rel='slideshow-3' class='avia-slide-wrap '   ><img fetchpriority=\"high\" class=\"wp-image-800 avia-img-lazy-loading-not-800\"  src='https:\/\/www.esteticamariarodriguez.com\/wp-content\/uploads\/2019\/11\/micro-1_dual.jpg' width='1900' height='1388' title='dig' alt=''  itemprop=\"thumbnailUrl\"   \/><\/div><\/li><li  class='avia-slideshow-slide av-av_slideshow-18eaf787b59bdeaf685c79609143ca55__3  slide-4 slide-even'><div data-rel='slideshow-3' class='avia-slide-wrap '   ><img fetchpriority=\"high\" class=\"wp-image-770 avia-img-lazy-loading-not-770\"  src='https:\/\/www.esteticamariarodriguez.com\/wp-content\/uploads\/2019\/11\/micro-3.jpg' width='1920' height='1920' title='micro-3' alt=''  itemprop=\"thumbnailUrl\"   \/><\/div><\/li><li  class='avia-slideshow-slide av-av_slideshow-18eaf787b59bdeaf685c79609143ca55__4  slide-5 slide-odd'><div data-rel='slideshow-3' class='avia-slide-wrap '   ><img fetchpriority=\"high\" class=\"wp-image-766 avia-img-lazy-loading-not-766\"  src='https:\/\/www.esteticamariarodriguez.com\/wp-content\/uploads\/2019\/11\/micro-5.jpg' width='1920' height='1920' title='micro-5' alt=''  itemprop=\"thumbnailUrl\"   \/><\/div><\/li><\/ul><div class='avia-slideshow-arrows avia-slideshow-controls' ><a href='#prev' class='prev-slide ' aria-hidden='true' data-av_icon='\ue87c' data-av_iconfont='entypo-fontello'  tabindex='-1'>Anterior<\/a><a href='#next' class='next-slide ' aria-hidden='true' data-av_icon='\ue87d' data-av_iconfont='entypo-fontello'  tabindex='-1'>Posterior<\/a><\/div><\/div><\/div>\n<div  class='hr av-av_hr-dcd2069817a0e3d34ae04cad8f3443c7 hr-default  avia-builder-el-16  el_after_av_one_half  el_before_av_one_half '><span class='hr-inner '><span class=\"hr-inner-style\"><\/span><\/span><\/div>\n\n<style type=\"text\/css\" data-created_by=\"avia_inline_auto\" id=\"style-css-av-av_one_half-9497bbf8bff73ea4c6992cc17fa9ec36\">\n.flex_column.av-av_one_half-9497bbf8bff73ea4c6992cc17fa9ec36{\nborder-radius:0px 0px 0px 0px;\npadding:0px 0px 0px 0px;\n}\n<\/style>\n<div  class='flex_column av-av_one_half-9497bbf8bff73ea4c6992cc17fa9ec36 av_one_half  avia-builder-el-17  el_after_av_hr  el_before_av_one_half  first flex_column_div av-zero-column-padding  '     ><\/div>\n\n<style type=\"text\/css\" data-created_by=\"avia_inline_auto\" id=\"style-css-av-av_one_half-9c1d454dc06f7247226bc4e8f931daae\">\n.flex_column.av-av_one_half-9c1d454dc06f7247226bc4e8f931daae{\nborder-radius:0px 0px 0px 0px;\npadding:0px 0px 0px 0px;\n}\n<\/style>\n<div  class='flex_column av-av_one_half-9c1d454dc06f7247226bc4e8f931daae av_one_half  avia-builder-el-18  el_after_av_one_half  el_before_av_one_full  flex_column_div av-zero-column-padding  '     ><section  class='av_textblock_section av-av_textblock-0366cc7376be6c9e82a3e9cc8987b64f '   itemscope=\"itemscope\" itemtype=\"https:\/\/schema.org\/CreativeWork\" ><div class='avia_textblock'  itemprop=\"text\" ><p><strong>AREOLAS\u00a0\u00a0 <\/strong><\/p>\n<p>Reconstrucci\u00f3n \u00f3ptica en 3D de la areola mamaria por mastectom\u00eda o cicatrices post mamoplastia<\/p>\n<\/div><\/section><\/div>\n\n<style type=\"text\/css\" data-created_by=\"avia_inline_auto\" id=\"style-css-av-av_one_full-9497bbf8bff73ea4c6992cc17fa9ec36\">\n.flex_column.av-av_one_full-9497bbf8bff73ea4c6992cc17fa9ec36{\nborder-radius:0px 0px 0px 0px;\npadding:0px 0px 0px 0px;\n}\n<\/style>\n<div  class='flex_column av-av_one_full-9497bbf8bff73ea4c6992cc17fa9ec36 av_one_full  avia-builder-el-20  el_after_av_one_half  avia-builder-el-last  first flex_column_div av-zero-column-padding  column-top-margin'     ><\/div>\n","protected":false},"excerpt":{"rendered":"","protected":false},"author":1,"featured_media":0,"parent":0,"menu_order":0,"comment_status":"open","ping_status":"open","template":"","meta":{"footnotes":""},"class_list":["post-84","page","type-page","status-publish","hentry"],"_links":{"self":[{"href":"https:\/\/www.esteticamariarodriguez.com\/index.php?rest_route=\/wp\/v2\/pages\/84","targetHints":{"allow":["GET"]}}],"collection":[{"href":"https:\/\/www.esteticamariarodriguez.com\/index.php?rest_route=\/wp\/v2\/pages"}],"about":[{"href":"https:\/\/www.esteticamariarodriguez.com\/index.php?rest_route=\/wp\/v2\/types\/page"}],"author":[{"embeddable":true,"href":"https:\/\/www.esteticamariarodriguez.com\/index.php?rest_route=\/wp\/v2\/users\/1"}],"replies":[{"embeddable":true,"href":"https:\/\/www.esteticamariarodriguez.com\/index.php?rest_route=%2Fwp%2Fv2%2Fcomments&post=84"}],"version-history":[{"count":52,"href":"https:\/\/www.esteticamariarodriguez.com\/index.php?rest_route=\/wp\/v2\/pages\/84\/revisions"}],"predecessor-version":[{"id":137,"href":"https:\/\/www.esteticamariarodriguez.com\/index.php?rest_route=\/wp\/v2\/pages\/84\/revisions\/137"}],"wp:attachment":[{"href":"https:\/\/www.esteticamariarodriguez.com\/index.php?rest_route=%2Fwp%2Fv2%2Fmedia&parent=84"}],"curies":[{"name":"wp","href":"https:\/\/api.w.org\/{rel}","templated":true}]}}