{"id":61,"date":"2015-02-02T18:21:27","date_gmt":"2015-02-02T18:21:27","guid":{"rendered":"http:\/\/www.esteticamariarodriguez.com\/?page_id=61"},"modified":"2021-08-11T08:24:12","modified_gmt":"2021-08-11T08:24:12","slug":"nosotros","status":"publish","type":"page","link":"https:\/\/www.esteticamariarodriguez.com\/?page_id=61","title":{"rendered":"Nuestro equipo"},"content":{"rendered":"<div id='av_section_1'  class='avia-section av-av_section-d18d8c2c81d10022ebd21ffa95322c35 main_color avia-section-default avia-no-shadow  avia-builder-el-0  el_before_av_one_half  avia-builder-el-first  avia-bg-style-scroll container_wrap fullsize'  ><div class='container av-section-cont-open' ><main  role=\"main\" itemprop=\"mainContentOfPage\"  class='template-page content  av-content-full alpha units'><div class='post-entry post-entry-type-page post-entry-61'><div class='entry-content-wrapper clearfix'>\n\n<style type=\"text\/css\" data-created_by=\"avia_inline_auto\" id=\"style-css-av-av_heading-05e2fd7518d834004ee1b4717995adad\">\n#top .av-special-heading.av-av_heading-05e2fd7518d834004ee1b4717995adad{\npadding-bottom:30px;\n}\nbody .av-special-heading.av-av_heading-05e2fd7518d834004ee1b4717995adad .av-special-heading-tag .heading-char{\nfont-size:25px;\n}\n.av-special-heading.av-av_heading-05e2fd7518d834004ee1b4717995adad .av-subheading{\nfont-size:15px;\n}\n<\/style>\n<div  class='av-special-heading av-av_heading-05e2fd7518d834004ee1b4717995adad av-special-heading-h2 blockquote modern-quote modern-centered  avia-builder-el-1  el_before_av_textblock  avia-builder-el-first '><h2 class='av-special-heading-tag '  itemprop=\"headline\"  >NUESTRO EQUIPO<\/h2><div class=\"special-heading-border\"><div class=\"special-heading-inner-border\"><\/div><\/div><\/div>\n<section  class='av_textblock_section av-av_textblock-0366cc7376be6c9e82a3e9cc8987b64f '   itemscope=\"itemscope\" itemtype=\"https:\/\/schema.org\/CreativeWork\" ><div class='avia_textblock'  itemprop=\"text\" ><div style=\"color: #444444;\">Con cerca de 20 a\u00f1os de experiencia en el mundo de la est\u00e9tica, nuestro personal est\u00e1 altamente cualificado y su principal objetivo\u00a0es formarse incesantemente\u00a0en las t\u00e9cnicas y tratamientos m\u00e1s innovadores.<\/div>\n<div style=\"color: #444444;\"><\/div>\n<div style=\"color: #444444;\"><\/div>\n<\/div><\/section>\n<section  class='av_textblock_section av-av_textblock-0366cc7376be6c9e82a3e9cc8987b64f '   itemscope=\"itemscope\" itemtype=\"https:\/\/schema.org\/CreativeWork\" ><div class='avia_textblock'  itemprop=\"text\" ><p>Te invitamos a conocerlas&#8230;<\/p>\n<\/div><\/section>\n<\/div><\/div><\/main><!-- close content main element --><\/div><\/div><div id='after_section_1'  class='main_color av_default_container_wrap container_wrap fullsize'  ><div class='container av-section-cont-open' ><div class='template-page content  av-content-full alpha units'><div class='post-entry post-entry-type-page post-entry-61'><div class='entry-content-wrapper clearfix'>\n<style type=\"text\/css\" data-created_by=\"avia_inline_auto\" id=\"style-css-av-av_one_half-9497bbf8bff73ea4c6992cc17fa9ec36\">\n.flex_column.av-av_one_half-9497bbf8bff73ea4c6992cc17fa9ec36{\nborder-radius:0px 0px 0px 0px;\npadding:0px 0px 0px 0px;\n}\n<\/style>\n<div  class='flex_column av-av_one_half-9497bbf8bff73ea4c6992cc17fa9ec36 av_one_half  avia-builder-el-4  el_after_av_section  el_before_av_one_half  avia-builder-el-first  first flex_column_div av-zero-column-padding  '     ><style type=\"text\/css\" data-created_by=\"avia_inline_auto\" id=\"style-css-av-av_image-2664d3bbf8349eb120866fca3b48f6d6\">\n.avia-image-container.av-av_image-2664d3bbf8349eb120866fca3b48f6d6 img.avia_image{\nbox-shadow:none;\n}\n.avia-image-container.av-av_image-2664d3bbf8349eb120866fca3b48f6d6 .av-image-caption-overlay-center{\ncolor:#ffffff;\n}\n<\/style>\n<div  class='avia-image-container av-av_image-2664d3bbf8349eb120866fca3b48f6d6 av-styling- avia-align-center  avia-builder-el-5  avia-builder-el-no-sibling '   itemprop=\"image\" itemscope=\"itemscope\" itemtype=\"https:\/\/schema.org\/ImageObject\" ><div class=\"avia-image-container-inner\"><div class=\"avia-image-overlay-wrap\"><img fetchpriority=\"high\" class='wp-image-791 avia-img-lazy-loading-not-791 avia_image ' src='https:\/\/www.esteticamariarodriguez.com\/wp-content\/uploads\/2019\/11\/maria_profile.jpg' alt='' title='rpt'  height=\"1109\" width=\"1024\"  itemprop=\"thumbnailUrl\"  \/><\/div><\/div><\/div><\/div><\/p>\n\n<style type=\"text\/css\" data-created_by=\"avia_inline_auto\" id=\"style-css-av-av_one_half-9c1d454dc06f7247226bc4e8f931daae\">\n.flex_column.av-av_one_half-9c1d454dc06f7247226bc4e8f931daae{\nborder-radius:0px 0px 0px 0px;\npadding:0px 0px 0px 0px;\n}\n<\/style>\n<div  class='flex_column av-av_one_half-9c1d454dc06f7247226bc4e8f931daae av_one_half  avia-builder-el-6  el_after_av_one_half  el_before_av_hr  flex_column_div av-zero-column-padding  '     ><section  class='av_textblock_section av-av_textblock-0366cc7376be6c9e82a3e9cc8987b64f '   itemscope=\"itemscope\" itemtype=\"https:\/\/schema.org\/CreativeWork\" ><div class='avia_textblock'  itemprop=\"text\" ><p><strong>Maria Rodr\u00edguez<\/strong>, comienza su carrera en el 2001 y desde entonces no ha cesado en formarse.<\/p>\n<p>Emprende en el 2008 como empresaria pero no es hasta el 2012 cuando crea este espacio que lleva su propio nombre.<\/p>\n<p>La filosof\u00eda que tiene es estar siempre a la \u00faltima, para poder ofrecer a cada cliente lo m\u00e1s acertado en cada momento.<\/p>\n<p><strong>Especializada desde el 2013 en micropigmentaci\u00f3n facial y oncol\u00f3gica<\/strong>. Carrera en la que la formaci\u00f3n y reciclaje es casi obligatorio si se quiere estar a la \u00faltima en t\u00e9cnicas para conseguir mayor hiperrealismo.<\/p>\n<p><strong>Formaci\u00f3n:<\/strong><\/p>\n<p><em>T\u00e9cnico Superior en Est\u00e9tica Integral 2004\/06<\/em><\/p>\n<\/div><\/section><\/div>\n<div  class='hr av-av_hr-dcd2069817a0e3d34ae04cad8f3443c7 hr-default  avia-builder-el-8  el_after_av_one_half  el_before_av_one_half '><span class='hr-inner '><span class=\"hr-inner-style\"><\/span><\/span><\/div>\n\n<style type=\"text\/css\" data-created_by=\"avia_inline_auto\" id=\"style-css-av-av_one_half-9497bbf8bff73ea4c6992cc17fa9ec36\">\n.flex_column.av-av_one_half-9497bbf8bff73ea4c6992cc17fa9ec36{\nborder-radius:0px 0px 0px 0px;\npadding:0px 0px 0px 0px;\n}\n<\/style>\n<div  class='flex_column av-av_one_half-9497bbf8bff73ea4c6992cc17fa9ec36 av_one_half  avia-builder-el-9  el_after_av_hr  el_before_av_one_half  first flex_column_div av-zero-column-padding  '     ><style type=\"text\/css\" data-created_by=\"avia_inline_auto\" id=\"style-css-av-av_image-0fe57677ff905ea0a76e0028c519bf43\">\n.avia-image-container.av-av_image-0fe57677ff905ea0a76e0028c519bf43 img.avia_image{\nbox-shadow:none;\n}\n.avia-image-container.av-av_image-0fe57677ff905ea0a76e0028c519bf43 .av-image-caption-overlay-center{\ncolor:#ffffff;\n}\n<\/style>\n<div  class='avia-image-container av-av_image-0fe57677ff905ea0a76e0028c519bf43 av-styling- avia-align-center  avia-builder-el-10  avia-builder-el-no-sibling '   itemprop=\"image\" itemscope=\"itemscope\" itemtype=\"https:\/\/schema.org\/ImageObject\" ><div class=\"avia-image-container-inner\"><div class=\"avia-image-overlay-wrap\"><img fetchpriority=\"high\" class='wp-image-792 avia-img-lazy-loading-not-792 avia_image ' src='https:\/\/www.esteticamariarodriguez.com\/wp-content\/uploads\/2019\/11\/cristina_profile.jpg' alt='' title='rpt'  height=\"1152\" width=\"1024\"  itemprop=\"thumbnailUrl\"  \/><\/div><\/div><\/div><\/div>\n\n<style type=\"text\/css\" data-created_by=\"avia_inline_auto\" id=\"style-css-av-av_one_half-9c1d454dc06f7247226bc4e8f931daae\">\n.flex_column.av-av_one_half-9c1d454dc06f7247226bc4e8f931daae{\nborder-radius:0px 0px 0px 0px;\npadding:0px 0px 0px 0px;\n}\n<\/style>\n<div  class='flex_column av-av_one_half-9c1d454dc06f7247226bc4e8f931daae av_one_half  avia-builder-el-11  el_after_av_one_half  el_before_av_hr  flex_column_div av-zero-column-padding  '     ><section  class='av_textblock_section av-av_textblock-0366cc7376be6c9e82a3e9cc8987b64f '   itemscope=\"itemscope\" itemtype=\"https:\/\/schema.org\/CreativeWork\" ><div class='avia_textblock'  itemprop=\"text\" ><p><strong>Cristina L\u00f3pez<\/strong>, despega su carrera en el 2008 con sus estudios de grado medio en est\u00e9tica personal Decorativa. Sus ganas de aprender la llevan a cursar grado Superior de Est\u00e9tica Integral donde le llev\u00f3 a realizar sus pr\u00e1cticas en nuestro centro. Desde entonces forma parte de Est\u00e9tica Mar\u00eda Rodr\u00edguez, donde crece a nivel profesional diariamente trabajando y tambi\u00e9n participando en cada formaci\u00f3n y convenci\u00f3n que se le brinda.<\/p>\n<p><strong>Especializada en tratamientos corporales, faciales y depilaci\u00f3n l\u00e1ser.<\/strong><\/p>\n<p><strong>Formaci\u00f3n:<\/strong><\/p>\n<p>&#8211;<em>T\u00e9cnico Superior en Est\u00e9tica Integral 2010\/12<\/em><\/p>\n<\/div><\/section><\/div>\n<div  class='hr av-av_hr-dcd2069817a0e3d34ae04cad8f3443c7 hr-default  avia-builder-el-13  el_after_av_one_half  el_before_av_one_half '><span class='hr-inner '><span class=\"hr-inner-style\"><\/span><\/span><\/div>\n\n<style type=\"text\/css\" data-created_by=\"avia_inline_auto\" id=\"style-css-av-av_one_half-9497bbf8bff73ea4c6992cc17fa9ec36\">\n.flex_column.av-av_one_half-9497bbf8bff73ea4c6992cc17fa9ec36{\nborder-radius:0px 0px 0px 0px;\npadding:0px 0px 0px 0px;\n}\n<\/style>\n<div  class='flex_column av-av_one_half-9497bbf8bff73ea4c6992cc17fa9ec36 av_one_half  avia-builder-el-14  el_after_av_hr  el_before_av_one_half  first flex_column_div av-zero-column-padding  '     ><style type=\"text\/css\" data-created_by=\"avia_inline_auto\" id=\"style-css-av-av_image-bf5b3eddf6f2ce23bd786ca0137c4b93\">\n.avia-image-container.av-av_image-bf5b3eddf6f2ce23bd786ca0137c4b93 img.avia_image{\nbox-shadow:none;\n}\n.avia-image-container.av-av_image-bf5b3eddf6f2ce23bd786ca0137c4b93 .av-image-caption-overlay-center{\ncolor:#ffffff;\n}\n<\/style>\n<div  class='avia-image-container av-av_image-bf5b3eddf6f2ce23bd786ca0137c4b93 av-styling- avia-align-center  avia-builder-el-15  avia-builder-el-no-sibling '   itemprop=\"image\" itemscope=\"itemscope\" itemtype=\"https:\/\/schema.org\/ImageObject\" ><div class=\"avia-image-container-inner\"><div class=\"avia-image-overlay-wrap\"><img fetchpriority=\"high\" class='wp-image-793 avia-img-lazy-loading-not-793 avia_image ' src='https:\/\/www.esteticamariarodriguez.com\/wp-content\/uploads\/2019\/11\/ana_profile.jpg' alt='' title='rpt'  height=\"1176\" width=\"1024\"  itemprop=\"thumbnailUrl\"  \/><\/div><\/div><\/div><\/div>\n\n<style type=\"text\/css\" data-created_by=\"avia_inline_auto\" id=\"style-css-av-av_one_half-9c1d454dc06f7247226bc4e8f931daae\">\n.flex_column.av-av_one_half-9c1d454dc06f7247226bc4e8f931daae{\nborder-radius:0px 0px 0px 0px;\npadding:0px 0px 0px 0px;\n}\n<\/style>\n<div  class='flex_column av-av_one_half-9c1d454dc06f7247226bc4e8f931daae av_one_half  avia-builder-el-16  el_after_av_one_half  el_before_av_hr  flex_column_div av-zero-column-padding  '     ><section  class='av_textblock_section av-av_textblock-0366cc7376be6c9e82a3e9cc8987b64f '   itemscope=\"itemscope\" itemtype=\"https:\/\/schema.org\/CreativeWork\" ><div class='avia_textblock'  itemprop=\"text\" ><p><strong>Ana Lucia L\u00f3pez<\/strong>, La primera toma de contacto con la est\u00e9tica la tiene en el a\u00f1o 2009 cuando decide cursar grado superior en Est\u00e9tica Integral. Una vez que termina se marcha a Murcia como t\u00e9cnico Laser durante dos a\u00f1os.<\/p>\n<p>Quiso complementar sus conocimientos y no dud\u00f3 en matricularse en el 2014 en grado medio de Est\u00e9tica decorativa, donde la llevo a realizar sus\u00a0 pr\u00e1cticas en nuestro centro.<\/p>\n<p>En el 2018 se incorpora a nuestro equipo como <strong>t\u00e9cnico especialista L\u00e1ser, t\u00e9cnico especialista en tratamientos faciales y corporales.<\/strong><\/p>\n<p><strong>Formaci\u00f3n:<\/strong><\/p>\n<p><em>-T\u00e9cnico Superior en Est\u00e9tica Integral 2007\/09-<\/em><\/p>\n<\/div><\/section><\/div>\n<div  class='hr av-av_hr-dcd2069817a0e3d34ae04cad8f3443c7 hr-default  avia-builder-el-18  el_after_av_one_half  avia-builder-el-last '><span class='hr-inner '><span class=\"hr-inner-style\"><\/span><\/span><\/div>\n","protected":false},"excerpt":{"rendered":"","protected":false},"author":1,"featured_media":0,"parent":0,"menu_order":0,"comment_status":"open","ping_status":"open","template":"","meta":{"footnotes":""},"class_list":["post-61","page","type-page","status-publish","hentry"],"_links":{"self":[{"href":"https:\/\/www.esteticamariarodriguez.com\/index.php?rest_route=\/wp\/v2\/pages\/61","targetHints":{"allow":["GET"]}}],"collection":[{"href":"https:\/\/www.esteticamariarodriguez.com\/index.php?rest_route=\/wp\/v2\/pages"}],"about":[{"href":"https:\/\/www.esteticamariarodriguez.com\/index.php?rest_route=\/wp\/v2\/types\/page"}],"author":[{"embeddable":true,"href":"https:\/\/www.esteticamariarodriguez.com\/index.php?rest_route=\/wp\/v2\/users\/1"}],"replies":[{"embeddable":true,"href":"https:\/\/www.esteticamariarodriguez.com\/index.php?rest_route=%2Fwp%2Fv2%2Fcomments&post=61"}],"version-history":[{"count":22,"href":"https:\/\/www.esteticamariarodriguez.com\/index.php?rest_route=\/wp\/v2\/pages\/61\/revisions"}],"predecessor-version":[{"id":892,"href":"https:\/\/www.esteticamariarodriguez.com\/index.php?rest_route=\/wp\/v2\/pages\/61\/revisions\/892"}],"wp:attachment":[{"href":"https:\/\/www.esteticamariarodriguez.com\/index.php?rest_route=%2Fwp%2Fv2%2Fmedia&parent=61"}],"curies":[{"name":"wp","href":"https:\/\/api.w.org\/{rel}","templated":true}]}}

<div id='av_section_1'  class='avia-section av-av_section-d18d8c2c81d10022ebd21ffa95322c35 main_color avia-section-default avia-no-shadow  avia-builder-el-0  el_before_av_one_half  avia-builder-el-first  avia-bg-style-scroll container_wrap fullsize'  ><div class='container av-section-cont-open' ><main  role="main" itemprop="mainContentOfPage"  class='template-page content  av-content-full alpha units'><div class='post-entry post-entry-type-page post-entry-61'><div class='entry-content-wrapper clearfix'>

<style type="text/css" data-created_by="avia_inline_auto" id="style-css-av-av_heading-05e2fd7518d834004ee1b4717995adad">
#top .av-special-heading.av-av_heading-05e2fd7518d834004ee1b4717995adad{
padding-bottom:30px;
}
body .av-special-heading.av-av_heading-05e2fd7518d834004ee1b4717995adad .av-special-heading-tag .heading-char{
font-size:25px;
}
.av-special-heading.av-av_heading-05e2fd7518d834004ee1b4717995adad .av-subheading{
font-size:15px;
}
</style>
<div  class='av-special-heading av-av_heading-05e2fd7518d834004ee1b4717995adad av-special-heading-h2 blockquote modern-quote modern-centered  avia-builder-el-1  el_before_av_textblock  avia-builder-el-first '><h2 class='av-special-heading-tag '  itemprop="headline"  >NUESTRO EQUIPO</h2><div class="special-heading-border"><div class="special-heading-inner-border"></div></div></div>
<section  class='av_textblock_section av-av_textblock-0366cc7376be6c9e82a3e9cc8987b64f '   itemscope="itemscope" itemtype="https://schema.org/CreativeWork" ><div class='avia_textblock'  itemprop="text" ><div style="color: #444444;">Con cerca de 20 años de experiencia en el mundo de la estética, nuestro personal está altamente cualificado y su principal objetivo es formarse incesantemente en las técnicas y tratamientos más innovadores.</div>
<div style="color: #444444;"></div>
<div style="color: #444444;"></div>
</div></section>
<section  class='av_textblock_section av-av_textblock-0366cc7376be6c9e82a3e9cc8987b64f '   itemscope="itemscope" itemtype="https://schema.org/CreativeWork" ><div class='avia_textblock'  itemprop="text" ><p>Te invitamos a conocerlas&#8230;</p>
</div></section>
</div></div></main><!-- close content main element --></div></div><div id='after_section_1'  class='main_color av_default_container_wrap container_wrap fullsize'  ><div class='container av-section-cont-open' ><div class='template-page content  av-content-full alpha units'><div class='post-entry post-entry-type-page post-entry-61'><div class='entry-content-wrapper clearfix'>
<style type="text/css" data-created_by="avia_inline_auto" id="style-css-av-av_one_half-9497bbf8bff73ea4c6992cc17fa9ec36">
.flex_column.av-av_one_half-9497bbf8bff73ea4c6992cc17fa9ec36{
border-radius:0px 0px 0px 0px;
padding:0px 0px 0px 0px;
}
</style>
<div  class='flex_column av-av_one_half-9497bbf8bff73ea4c6992cc17fa9ec36 av_one_half  avia-builder-el-4  el_after_av_section  el_before_av_one_half  avia-builder-el-first  first flex_column_div av-zero-column-padding  '     ><style type="text/css" data-created_by="avia_inline_auto" id="style-css-av-av_image-2664d3bbf8349eb120866fca3b48f6d6">
.avia-image-container.av-av_image-2664d3bbf8349eb120866fca3b48f6d6 img.avia_image{
box-shadow:none;
}
.avia-image-container.av-av_image-2664d3bbf8349eb120866fca3b48f6d6 .av-image-caption-overlay-center{
color:#ffffff;
}
</style>
<div  class='avia-image-container av-av_image-2664d3bbf8349eb120866fca3b48f6d6 av-styling- avia-align-center  avia-builder-el-5  avia-builder-el-no-sibling '   itemprop="image" itemscope="itemscope" itemtype="https://schema.org/ImageObject" ><div class="avia-image-container-inner"><div class="avia-image-overlay-wrap"><img fetchpriority="high" class='wp-image-791 avia-img-lazy-loading-not-791 avia_image ' src='https://www.esteticamariarodriguez.com/wp-content/uploads/2019/11/maria_profile.jpg' alt='' title='rpt'  height="1109" width="1024"  itemprop="thumbnailUrl"  /></div></div></div></div></p>

<style type="text/css" data-created_by="avia_inline_auto" id="style-css-av-av_one_half-9c1d454dc06f7247226bc4e8f931daae">
.flex_column.av-av_one_half-9c1d454dc06f7247226bc4e8f931daae{
border-radius:0px 0px 0px 0px;
padding:0px 0px 0px 0px;
}
</style>
<div  class='flex_column av-av_one_half-9c1d454dc06f7247226bc4e8f931daae av_one_half  avia-builder-el-6  el_after_av_one_half  el_before_av_hr  flex_column_div av-zero-column-padding  '     ><section  class='av_textblock_section av-av_textblock-0366cc7376be6c9e82a3e9cc8987b64f '   itemscope="itemscope" itemtype="https://schema.org/CreativeWork" ><div class='avia_textblock'  itemprop="text" ><p><strong>Maria Rodríguez</strong>, comienza su carrera en el 2001 y desde entonces no ha cesado en formarse.</p>
<p>Emprende en el 2008 como empresaria pero no es hasta el 2012 cuando crea este espacio que lleva su propio nombre.</p>
<p>La filosofía que tiene es estar siempre a la última, para poder ofrecer a cada cliente lo más acertado en cada momento.</p>
<p><strong>Especializada desde el 2013 en micropigmentación facial y oncológica</strong>. Carrera en la que la formación y reciclaje es casi obligatorio si se quiere estar a la última en técnicas para conseguir mayor hiperrealismo.</p>
<p><strong>Formación:</strong></p>
<p><em>Técnico Superior en Estética Integral 2004/06</em></p>
</div></section></div>
<div  class='hr av-av_hr-dcd2069817a0e3d34ae04cad8f3443c7 hr-default  avia-builder-el-8  el_after_av_one_half  el_before_av_one_half '><span class='hr-inner '><span class="hr-inner-style"></span></span></div>

<style type="text/css" data-created_by="avia_inline_auto" id="style-css-av-av_one_half-9497bbf8bff73ea4c6992cc17fa9ec36">
.flex_column.av-av_one_half-9497bbf8bff73ea4c6992cc17fa9ec36{
border-radius:0px 0px 0px 0px;
padding:0px 0px 0px 0px;
}
</style>
<div  class='flex_column av-av_one_half-9497bbf8bff73ea4c6992cc17fa9ec36 av_one_half  avia-builder-el-9  el_after_av_hr  el_before_av_one_half  first flex_column_div av-zero-column-padding  '     ><style type="text/css" data-created_by="avia_inline_auto" id="style-css-av-av_image-0fe57677ff905ea0a76e0028c519bf43">
.avia-image-container.av-av_image-0fe57677ff905ea0a76e0028c519bf43 img.avia_image{
box-shadow:none;
}
.avia-image-container.av-av_image-0fe57677ff905ea0a76e0028c519bf43 .av-image-caption-overlay-center{
color:#ffffff;
}
</style>
<div  class='avia-image-container av-av_image-0fe57677ff905ea0a76e0028c519bf43 av-styling- avia-align-center  avia-builder-el-10  avia-builder-el-no-sibling '   itemprop="image" itemscope="itemscope" itemtype="https://schema.org/ImageObject" ><div class="avia-image-container-inner"><div class="avia-image-overlay-wrap"><img fetchpriority="high" class='wp-image-792 avia-img-lazy-loading-not-792 avia_image ' src='https://www.esteticamariarodriguez.com/wp-content/uploads/2019/11/cristina_profile.jpg' alt='' title='rpt'  height="1152" width="1024"  itemprop="thumbnailUrl"  /></div></div></div></div>

<style type="text/css" data-created_by="avia_inline_auto" id="style-css-av-av_one_half-9c1d454dc06f7247226bc4e8f931daae">
.flex_column.av-av_one_half-9c1d454dc06f7247226bc4e8f931daae{
border-radius:0px 0px 0px 0px;
padding:0px 0px 0px 0px;
}
</style>
<div  class='flex_column av-av_one_half-9c1d454dc06f7247226bc4e8f931daae av_one_half  avia-builder-el-11  el_after_av_one_half  el_before_av_hr  flex_column_div av-zero-column-padding  '     ><section  class='av_textblock_section av-av_textblock-0366cc7376be6c9e82a3e9cc8987b64f '   itemscope="itemscope" itemtype="https://schema.org/CreativeWork" ><div class='avia_textblock'  itemprop="text" ><p><strong>Cristina López</strong>, despega su carrera en el 2008 con sus estudios de grado medio en estética personal Decorativa. Sus ganas de aprender la llevan a cursar grado Superior de Estética Integral donde le llevó a realizar sus prácticas en nuestro centro. Desde entonces forma parte de Estética María Rodríguez, donde crece a nivel profesional diariamente trabajando y también participando en cada formación y convención que se le brinda.</p>
<p><strong>Especializada en tratamientos corporales, faciales y depilación láser.</strong></p>
<p><strong>Formación:</strong></p>
<p>&#8211;<em>Técnico Superior en Estética Integral 2010/12</em></p>
</div></section></div>
<div  class='hr av-av_hr-dcd2069817a0e3d34ae04cad8f3443c7 hr-default  avia-builder-el-13  el_after_av_one_half  el_before_av_one_half '><span class='hr-inner '><span class="hr-inner-style"></span></span></div>

<style type="text/css" data-created_by="avia_inline_auto" id="style-css-av-av_one_half-9497bbf8bff73ea4c6992cc17fa9ec36">
.flex_column.av-av_one_half-9497bbf8bff73ea4c6992cc17fa9ec36{
border-radius:0px 0px 0px 0px;
padding:0px 0px 0px 0px;
}
</style>
<div  class='flex_column av-av_one_half-9497bbf8bff73ea4c6992cc17fa9ec36 av_one_half  avia-builder-el-14  el_after_av_hr  el_before_av_one_half  first flex_column_div av-zero-column-padding  '     ><style type="text/css" data-created_by="avia_inline_auto" id="style-css-av-av_image-bf5b3eddf6f2ce23bd786ca0137c4b93">
.avia-image-container.av-av_image-bf5b3eddf6f2ce23bd786ca0137c4b93 img.avia_image{
box-shadow:none;
}
.avia-image-container.av-av_image-bf5b3eddf6f2ce23bd786ca0137c4b93 .av-image-caption-overlay-center{
color:#ffffff;
}
</style>
<div  class='avia-image-container av-av_image-bf5b3eddf6f2ce23bd786ca0137c4b93 av-styling- avia-align-center  avia-builder-el-15  avia-builder-el-no-sibling '   itemprop="image" itemscope="itemscope" itemtype="https://schema.org/ImageObject" ><div class="avia-image-container-inner"><div class="avia-image-overlay-wrap"><img fetchpriority="high" class='wp-image-793 avia-img-lazy-loading-not-793 avia_image ' src='https://www.esteticamariarodriguez.com/wp-content/uploads/2019/11/ana_profile.jpg' alt='' title='rpt'  height="1176" width="1024"  itemprop="thumbnailUrl"  /></div></div></div></div>

<style type="text/css" data-created_by="avia_inline_auto" id="style-css-av-av_one_half-9c1d454dc06f7247226bc4e8f931daae">
.flex_column.av-av_one_half-9c1d454dc06f7247226bc4e8f931daae{
border-radius:0px 0px 0px 0px;
padding:0px 0px 0px 0px;
}
</style>
<div  class='flex_column av-av_one_half-9c1d454dc06f7247226bc4e8f931daae av_one_half  avia-builder-el-16  el_after_av_one_half  el_before_av_hr  flex_column_div av-zero-column-padding  '     ><section  class='av_textblock_section av-av_textblock-0366cc7376be6c9e82a3e9cc8987b64f '   itemscope="itemscope" itemtype="https://schema.org/CreativeWork" ><div class='avia_textblock'  itemprop="text" ><p><strong>Ana Lucia López</strong>, La primera toma de contacto con la estética la tiene en el año 2009 cuando decide cursar grado superior en Estética Integral. Una vez que termina se marcha a Murcia como técnico Laser durante dos años.</p>
<p>Quiso complementar sus conocimientos y no dudó en matricularse en el 2014 en grado medio de Estética decorativa, donde la llevo a realizar sus  prácticas en nuestro centro.</p>
<p>En el 2018 se incorpora a nuestro equipo como <strong>técnico especialista Láser, técnico especialista en tratamientos faciales y corporales.</strong></p>
<p><strong>Formación:</strong></p>
<p><em>-Técnico Superior en Estética Integral 2007/09-</em></p>
</div></section></div>
<div  class='hr av-av_hr-dcd2069817a0e3d34ae04cad8f3443c7 hr-default  avia-builder-el-18  el_after_av_one_half  avia-builder-el-last '><span class='hr-inner '><span class="hr-inner-style"></span></span></div>
